 ((-2)/(-2))/((-2)/a). Is (-4 + w)*89/1 composite?
False
Suppose -32 = 5*c - 3*c. Let x = c - -20. Suppose x*n - 582 = -u, -2*n - u + 229 = -63. Is n composite?
True
Let c = 35439 + -17398. Is c prime?
True
Let w be ((-1)/(-1) + -502)/(-1). Suppose -2*y + w = -17. Is y composite?
True
Suppose -5*g + 87 + 48 = 0. Suppose -4*h - 2*q + g + 9 = 0, 0 = 3*h - 5*q - 40. Suppose 9*x - h*x + 83 = 0. Is x a composite number?
False
Is 204028/11 - (-20)/(-12)*-3 a composite number?
False
Suppose -2*k + 4 = -k. Suppose 3*g + 4*a = 547, k*a - 43 + 606 = 3*g. Is g prime?
False
Suppose -2*x = -8*x + 2850. Suppose x = 4*r + 2063. Is 5/(-10)*(r + -1) a composite number?
False
Let d(t) = -t + 6. Let j be d(2). Suppose -w - 4*k = -j*w - 247, -k = 2*w + 172. Is (1 - w) + -1 + -2 prime?
True
Suppose 11 + 5 = 4*x. Suppose -303 = -3*h + 3*u, 3*h = 4*h - x*u - 113. Is h prime?
True
Let v(b) = -b**2 + 21*b + 24. Let k be v(22). Suppose -u + 4*t + 827 = 0, -2*u + k*t + 2606 = 940. Is u a composite number?
True
Let w be 6/10 - 31374/(-10). Suppose 2*d = -4*l + 6246, -l - 4*d + w = l. Is l a composite number?
False
Let w be 85/(1 - (-12)/(-10)). Let s be (-5 + w)/((-2)/(-28)). Let p = -4273 - s. Is p prime?
True
Suppose k + 3 = 5. Suppose 3*x + 2*d + 2 = x, -d = -k*x + 7. Suppose 157 = h + 2*q, 4*q + 175 = 3*h - x*h. Is h a composite number?
False
Let b(a) = -18431*a**3 + a**2 - 3*a - 4. Is b(-1) a prime number?
False
Let o(z) = -4*z**2 + 17*z + 7. Let c be o(-14). Suppose -205 - 581 = 3*v. Let h = v - c. Is h a prime number?
False
Suppose -266 - 400 = -3*j. Let x = j + -45. Suppose 0 = -2*s - 29 + x. Is s a prime number?
False
Let i(l) = l**3 + 5*l**2 - 7*l + 8. Let p be i(-6). Suppose 2 = 16*a - p*a. Is 0 - -416 - 3/a a composite number?
True
Suppose -4*p + 112456 = -b, 2*p - 3*p - b + 28119 = 0. Is p a prime number?
False
Let f = -229 - -115. Let n = 745 + f. Is n a composite number?
False
Suppose -3*w - w = 612. Let z = 269 + w. Suppose -5*l - 9 = -g, 5*g + 4*l = -13 + z. Is g prime?
True
Let v be 1/3 + 4/6. Is (v - -2) + 4592/14 composite?
False
Let v(i) = 6*i**2 + 20*i - 227. Is v(-30) a composite number?
True
Suppose -8*t = -14*t + 145578. Is t prime?
False
Let v = -5869 - -9006. Is v a prime number?
True
Suppose 2*x + 6*s - 3*s - 28052 = 0, -2*s = -2*x + 28062. Is x a composite number?
False
Suppose 11 = 2*q - 0*q + 5*u, 0 = -q - 3*u + 5. Let p = q - 6. Suppose -2*d + 1396 = 5*j, -4*j + 2*j + 550 = -p*d. Is j a prime number?
False
Let n(j) = -10*j. Let y be n(1). Let k = 7 + y. Is (1 - -113) + k/3 a prime number?
True
Suppose -2*s - 3*t - 94 = 546, -t - 1270 = 4*s. Let h = 29 - s. Is h a composite number?
True
Let l = 452 + -766. Let r = l + 571. Is r prime?
True
Let f = 56147 - 21238. Is f prime?
False
Suppose 3*p = 4*o - 1339, -2*p + 4*p - 680 = -2*o. Is o prime?
True
Let g(k) = -25*k + 3. Let z be g(-5). Suppose s - z = 5*i, 3*s - 4*s = -2*i - 113. Is s composite?
False
Suppose -3*i - 6 = -6*i. Suppose 2*l - 2 = 4*r, -6*r = -3*r - 2*l + 4. Suppose 5*n + 0*z - 477 = -r*z, -i*n + 4*z = -210. Is n prime?
True
Let s = 18 + -16. Suppose -s*a + 3 = -a. Suppose 0 = -a*i - i + 2212. Is i composite?
True
Let h be -2*(-4)/36 + (-18518)/(-18). Suppose -3*u = g - 1501, 6*u - 5*g = 4*u + h. Is u a prime number?
False
Suppose 2 = m, -3*q - 5*m + 30 - 8 = 0. Suppose 5*r - 3592 = -2*p + 7*r, -q*r - 5391 = -3*p. Is p composite?
True
Suppose k = -3*k + 16. Suppose 3*s + 4*d - 9 - 23 = 0, -5*s - k*d = -64. Let m = 3 + s. Is m a composite number?
False
Is 3273/27 - (1 - 42/54) a prime number?
False
Let j = 315 - 307. Let q(o) = 9*o - 8 + 2 + 1. Is q(j) prime?
True
Suppose 4*b + 594 + 106 = 0. Suppose -173 = -5*q + 1337. Let t = b + q. Is t prime?
True
Is (-34 + 36)/((6/(-37983))/(-1)) prime?
False
Suppose -f + 34 = 2*y + 2*f, f = 4. Is (30/6)/(1/y) a composite number?
True
Suppose -2*c - y + 48777 = 0, -5*c - 8*y = -7*y - 121950. Is c prime?
True
Let l be (-65)/(-20) + (-1)/(-8)*-2. Is ((-2)/l)/(9/(-4023)) prime?
False
Let w(i) = i**3 + 11*i**2 + 11*i + 13. Let q be w(-10). Suppose -q*b + 29 = -5*k - 1, -5*b = 0. Let x(d) = 6*d**2 + 8*d - 1. Is x(k) prime?
True
Suppose -7*l + 13760 = -2*l + 3*o, -4*l + 11011 = 3*o. Is l composite?
False
Let q(v) = v**3 - 3*v**2 - 3*v. Let s be q(4). Is 20041/35 - s/(-10) prime?
False
Suppose 0 = 2*n - 0*s - 5*s - 11, 3*n + 2*s = -12. Let q = 4 - n. Let d(x) = x**3 - 4*x - 1. Is d(q) composite?
False
Suppose 4*q + 7*z - 11702 = 9*z, -z - 5 = 0. Is q composite?
True
Let g(x) = 4*x**3 + 21*x**2 + 5*x + 43. Is g(20) prime?
True
Suppose 0 = k + 3*q + 11, 5*q = -2*k + 4*k - 33. Suppose 4*j = -j + 2*d + 115, k*j - 2*d - 90 = 0. Is j prime?
False
Let q(m) = -m**3 + 5*m**2 + 6*m - 13. Let o be q(6). Let k = o + 48. Is k prime?
False
Suppose -a - 15630 = -16*a. Is a a composite number?
True
Let l(n) = -253*n - 110. Is l(-7) a composite number?
True
Let o(j) = 27*j**2 - 5 + 8*j**2 - 11*j**2. Is o(-9) composite?
True
Suppose 0 = 2*w - a + 28, -3*a + 23 = -w - 7*a. Let g = w - -27. Is (-6027)/(-18) - (-2)/g prime?
False
Let y be 2 + -3 - 3 - (-16)/2. Suppose 0 = -10*v + 12*v + 8, -y*v = 4*x - 876. Is x a prime number?
True
Let x = 1905 + -1028. Is x a composite number?
False
Let n = 65 - -1156. Let y be 0/1 + -1 + 4. Is (n/3 - -3) + y a composite number?
True
Let r(a) = -297*a + 76. Let l be r(20). Let p = l - -9853. Is p a composite number?
False
Let o = -114 + 189. Suppose -3*a = 2*x - 710, -5*a + 0*x = x - 1181. Let k = a - o. Is k a composite number?
True
Suppose 0 = 4*z - 1324 - 684. Suppose -36 + z = 2*t. Is t a composite number?
False
Suppose 4 - 40 = h. Let a = 206 + -319. Let g = h - a. Is g a composite number?
True
Let d(s) = -s**3 - 7*s**2 + 9*s + 17. Let p be d(-8). Is p/3 - (1126/(-2) + 3) a prime number?
True
Let n(r) = -94*r - 44. Let z(j) = -47*j - 22. Let a(x) = -2*n(x) + 5*z(x). Is a(-7) a composite number?
False
Suppose 6*t - 22120 = -7750. Is t a composite number?
True
Let c = 10 - 13. Let v be 1/c - (-88)/12. Is (106 + 0)*v/2 composite?
True
Let f(g) = -g**2 + 12*g + 17. Let u = -8 - -21. Let r be f(u). Suppose 4*t - 284 + 51 = -3*i, -5*t = -r*i + 321. Is i a composite number?
False
Let g(y) = y**2 - 7*y + 3. Let w be ((-1)/(-3))/(6/126). Let d be g(w). Is 23/((-4)/(d + -47)) a composite number?
True
Suppose 4*p - 5*j + 8 = 2*p, -j = -4*p + 20. Suppose 3*r = p*r - 2667. Suppose v = -3*a + 619, 2*a + 266 = -v + r. Is v a prime number?
True
Let b = -6 + 9. Is 1543*(0 + b + 1 + -3) a composite number?
False
Suppose 2*s + 9 = -5*l - 4, 4*s = 3*l - 13. Let v = -1 - l. Suppose -2*z + 4*j = -726, 2*j + 4 = -v. Is z a composite number?
False
Let h(z) = -11*z + 11*z + 673*z**2 + 0*z. Is h(1) prime?
True
Let p(r) be the first derivative of 11*r**5/30 - 3*r**4/8 - 7*r**3/6 + 4*r**2 + 3. Let u(g) be the second derivative of p(g). Is u(8) composite?
True
Let z(y) = -733*y - 12. Let v be z(-6). Suppose v = 3*h + 159. Is h a prime number?
True
Let k(b) = 7*b**2 - 8*b - 3. Let s be k(-3). Let n = s - -679. Is n a prime number?
False
Suppose 2*i + 2 = 3*i. Suppose -m - 408 = -2*x, -5*x + i*m - 254 = -1274. Suppose -4*h - 2*p + x = 0, 3*p + 33 + 53 = 2*h. Is h composite?
True
Suppose -12097 - 3239 = -8*u. Suppose -3*b - 2*x + u = x, 5*x + 1292 = 2*b. Is b composite?
False
Is ((-4196)/(-6))/((-16)/(-24)) composite?
False
Suppose -2*u + 5*y - 145 + 132 = 0, 2*u = y - 1. Let q(z) = 5*z**2 - 2*z**2 - z + 96*z**3 - z**2. Is q(u) prime?
True
Let j(d) = 9 + 2*d + 2 - 1. Let a be j(6). Let i = a + 45. Is i a composite number?
False
Is (-8)/(-14) + -1 - (-38544)/21 a prime number?
False
Suppose -6*d + 7*d + 2 = 0, 5*r - d = 607. Let p = r - -210. Is p a prime number?
True
Suppose -9 = m - 15. Is m/(-42) + 92388/14 composite?
False
Let n(t) = 2*t**3 + 10*t**2 - 13*t + 4. Let i be n(6). Suppose 5*b - i = -w, -378 = -4*b + 4*w + 182. Is b prime?
False
Let c(q) = q**3 - 7*q**2 - 3*q + 4. Let n be c(7). Let w = 108 + n. Is w composite?
True
Let p(l) = -8*l**3 + 2*l**2 + 3*l + 3. Let c = 8 + -6. Suppose -c*t + 6*t = -8. Is p(t) a prime number?
False
Suppose -1790 - 76955 = -5*h. Is h a prime number?
True
Suppose 4*s = 20, 0 = -3*x + 4*s + 3 - 17. Suppose -y - 4*v + 2*v + 6015 = 0, 0 = -y + x*v + 6011. Is y a prime number?
False
Is 13307*12/76 - (-10)/(-95) a composit